{"id":126,"date":"2016-07-11T23:39:05","date_gmt":"2016-07-11T21:39:05","guid":{"rendered":"http:\/\/www.eva-siegsdorf.de\/wordpress\/?page_id=126"},"modified":"2024-12-12T17:07:19","modified_gmt":"2024-12-12T16:07:19","slug":"produkte-und-preise","status":"publish","type":"page","link":"https:\/\/www.eva-siegsdorf.de\/wordpress\/?page_id=126","title":{"rendered":"Strom-Produkte und Preise"},"content":{"rendered":"F\u00fcr alle Einwohner und Entscheider in Gewerbebetrieben und Industrieunternehmen im Gro\u00dfraum Siegsdorf, die die Sicherheit einer genossenschaftlich organisierten, regionalen Stromversorgung sch\u00e4tzen, ist die Elektrizit\u00e4tsgenossenschaft Vogling &amp; Angrenzer eG genau der richtige Partner. Wir bieten Ihnen die kundenorientierte Versorgung mit Strom in einem fairen Preis-Leistungsverh\u00e4ltnis. Dank des liberalisierten Strommarktes k\u00f6nnen aber auch alle, die au\u00dferhalb unseres Grundversorgungsgebietes ans\u00e4ssig sind, die EVA-Vorteile nutzen. Denn der Wechsel von Ihrem derzeiten Stromversorger zur EVA ist denkbar einfach.    <a href=\"http:\/\/www.eva-siegsdorf.de\/wordpress\/?page_id=251\">&gt;&gt;&gt; Zum Wechselformular<\/a><br \/><br \/><div 580px=\"\" 10px=\"\" e3e3e3=\"\"><table><tbody><tr><td><h3><br \/>Ihre Vorteile<\/h3><h4>&#8211; Sicherheit durch regionale Stromversorgung<\/h4><h4>&#8211; Pers\u00f6nlicher, kompetenter, zuverl\u00e4ssiger Kundenservice<\/h4><h4>&#8211; Bei Wechsel: \u00dcbernahme aller Formalit\u00e4ten<\/h4><h4>&#8211; Faieres Preis-Leistungsverh\u00e4ltnis<\/h4>\r\n\r\n<\/td><td style=\"vertical-align: top; padding-top: 80px;\"><img style=\"margin-right: 80px;\" www=\"\" eva-siegsdorf=\"\" de=\"\" wordpress=\"\" wp-content=\"\" uploads=\"\" 2016=\"\" 07=\"\" station-knappenfeld-mcs-uea=\"\" jpg=\"\" \/>        <img loading=\"lazy\" decoding=\"async\" class=\"wpimgload  alignright wp-image-1038\" src=\"http:\/\/www.eva-siegsdorf.de\/wordpress\/wp-content\/uploads\/2016\/07\/Station-Knappenfeld-MCS-uea-300x198.jpg\" height=\"198\" width=\"300\" srcset=\"https:\/\/www.eva-siegsdorf.de\/wordpress\/wp-content\/uploads\/2016\/07\/Station-Knappenfeld-MCS-uea-300x198.jpg 300w, https:\/\/www.eva-siegsdorf.de\/wordpress\/wp-content\/uploads\/2016\/07\/Station-Knappenfeld-MCS-uea-768x508.jpg 768w, https:\/\/www.eva-siegsdorf.de\/wordpress\/wp-content\/uploads\/2016\/07\/Station-Knappenfeld-MCS-uea.jpg 930w\" sizes=\"auto, (max-width: 300px) 100vw, 300px\" \/>                                    <\/td><\/tr><\/tbody><\/table><\/div><br \/><br \/><br \/><p>\r\n\r\n<\/p><h3>Produkte und Strompreise<\/h3>\r\n\r\n<table style=\"width: 100%;\"><tbody><tr><td style=\"width: 33%;\"><a href=\"http:\/\/www.eva-siegsdorf.de\/wordpress\/?page_id=235\"><img loading=\"lazy\" decoding=\"async\" class=\"alignnone wp-image-1161 size-medium\" src=\"http:\/\/www.eva-siegsdorf.de\/wordpress\/wp-content\/uploads\/2016\/07\/Buttons-Tarife-alternativ2-Grundversorgung-300x186.jpg\" height=\"186\" width=\"300\" srcset=\"https:\/\/www.eva-siegsdorf.de\/wordpress\/wp-content\/uploads\/2016\/07\/Buttons-Tarife-alternativ2-Grundversorgung-300x186.jpg 300w, https:\/\/www.eva-siegsdorf.de\/wordpress\/wp-content\/uploads\/2016\/07\/Buttons-Tarife-alternativ2-Grundversorgung.jpg 552w\" sizes=\"auto, (max-width: 300px) 100vw, 300px\" \/><h3 style=\"text-align: center;\">             EVA-Grundversorgung<\/h3><\/a><\/td><td style=\"width: 33%;\"><a href=\"http:\/\/www.eva-siegsdorf.de\/wordpress\/?page_id=237\"><img loading=\"lazy\" decoding=\"async\" class=\" alignnone wp-image-1165 size-medium\" src=\"http:\/\/www.eva-siegsdorf.de\/wordpress\/wp-content\/uploads\/2016\/07\/Buttons-Tarife-alternativ2-Haushalt-300x186.jpg\" height=\"186\" width=\"300\" srcset=\"https:\/\/www.eva-siegsdorf.de\/wordpress\/wp-content\/uploads\/2016\/07\/Buttons-Tarife-alternativ2-Haushalt-300x186.jpg 300w, https:\/\/www.eva-siegsdorf.de\/wordpress\/wp-content\/uploads\/2016\/07\/Buttons-Tarife-alternativ2-Haushalt.jpg 552w\" sizes=\"auto, (max-width: 300px) 100vw, 300px\" \/><h3 style=\"text-align: center;\">                 EVA-Haushalt<\/h3><\/a><\/td><td style=\"width: 33%;\"><a href=\"http:\/\/www.eva-siegsdorf.de\/wordpress\/?page_id=239\"><img loading=\"lazy\" decoding=\"async\" class=\" alignnone wp-image-1168 size-medium\" src=\"http:\/\/www.eva-siegsdorf.de\/wordpress\/wp-content\/uploads\/2016\/07\/Buttons-Tarife-alternativ2-Gewerbe-300x186.jpg\" height=\"186\" width=\"300\" srcset=\"https:\/\/www.eva-siegsdorf.de\/wordpress\/wp-content\/uploads\/2016\/07\/Buttons-Tarife-alternativ2-Gewerbe-300x186.jpg 300w, https:\/\/www.eva-siegsdorf.de\/wordpress\/wp-content\/uploads\/2016\/07\/Buttons-Tarife-alternativ2-Gewerbe.jpg 552w\" sizes=\"auto, (max-width: 300px) 100vw, 300px\" \/><h3 style=\"text-align: center;\">                 EVA-Gewerbe<\/h3><\/a><\/td><\/tr><tr><td style=\"width: 33%;\"><br \/><a href=\"http:\/\/www.eva-siegsdorf.de\/wordpress\/?page_id=241\"><img loading=\"lazy\" decoding=\"async\" class=\" alignnone wp-image-1173 size-medium\" src=\"http:\/\/www.eva-siegsdorf.de\/wordpress\/wp-content\/uploads\/2016\/07\/Buttons-Tarife-alternativ2-Gruen-300x186.jpg\" height=\"186\" width=\"300\" srcset=\"https:\/\/www.eva-siegsdorf.de\/wordpress\/wp-content\/uploads\/2016\/07\/Buttons-Tarife-alternativ2-Gruen-300x186.jpg 300w, https:\/\/www.eva-siegsdorf.de\/wordpress\/wp-content\/uploads\/2016\/07\/Buttons-Tarife-alternativ2-Gruen.jpg 552w\" sizes=\"auto, (max-width: 300px) 100vw, 300px\" \/><h3 style=\"text-align: center;\">             EVA-Gr\u00fcnstrom<br \/>&amp; E-Lades\u00e4ule<\/h3><\/a><\/td><td style=\"width: 33%;\"><br \/><a href=\"http:\/\/www.eva-siegsdorf.de\/wordpress\/?page_id=243\"><img loading=\"lazy\" decoding=\"async\" class=\"alignnone wp-image-1175 size-medium\" src=\"http:\/\/www.eva-siegsdorf.de\/wordpress\/wp-content\/uploads\/2016\/07\/Buttons-Tarife-alternativ2-Therm-300x186.jpg\" height=\"186\" width=\"300\" srcset=\"https:\/\/www.eva-siegsdorf.de\/wordpress\/wp-content\/uploads\/2016\/07\/Buttons-Tarife-alternativ2-Therm-300x186.jpg 300w, https:\/\/www.eva-siegsdorf.de\/wordpress\/wp-content\/uploads\/2016\/07\/Buttons-Tarife-alternativ2-Therm.jpg 552w\" sizes=\"auto, (max-width: 300px) 100vw, 300px\" \/><h3 style=\"text-align: center;\">                 EVA-Therm<br \/>Steuerbare Verbraucher <br \/>(\u00a7 14a EnWG)<\/h3><\/a><\/td><td style=\"width: 33%;\"><br \/><a href=\"http:\/\/www.eva-siegsdorf.de\/wordpress\/?page_id=247\"><img loading=\"lazy\" decoding=\"async\" class=\"alignnone wp-image-1177 size-medium\" src=\"http:\/\/www.eva-siegsdorf.de\/wordpress\/wp-content\/uploads\/2016\/07\/Buttons-Tarife-alternativ2-Bau-300x186.jpg\" height=\"186\" width=\"300\" srcset=\"https:\/\/www.eva-siegsdorf.de\/wordpress\/wp-content\/uploads\/2016\/07\/Buttons-Tarife-alternativ2-Bau-300x186.jpg 300w, https:\/\/www.eva-siegsdorf.de\/wordpress\/wp-content\/uploads\/2016\/07\/Buttons-Tarife-alternativ2-Bau.jpg 552w\" sizes=\"auto, (max-width: 300px) 100vw, 300px\" \/><h3 style=\"text-align: center;\">                     EVA-Baustrom<\/h3><\/a><\/td><\/tr><\/tbody><\/table><h3><br \/><br \/><br \/>Stromlieferung au\u00dferhalb des Grundversorgungsnetzes der EVA (Bsp. Bayernwerk Netz)<\/h3><p><a href=\"http:\/\/www.eva-siegsdorf.de\/wordpress\/wp-content\/uploads\/2016\/07\/Seite-Produkte-und-Preise-Tarif-Extern-1.jpg\"><img loading=\"lazy\" decoding=\"async\" class=\"wpimgload alignright wp-image-1051\" src=\"http:\/\/www.eva-siegsdorf.de\/wordpress\/wp-content\/uploads\/2016\/07\/Seite-Produkte-und-Preise-Tarif-Extern-1-300x200.jpg\" height=\"267\" width=\"400\" srcset=\"https:\/\/www.eva-siegsdorf.de\/wordpress\/wp-content\/uploads\/2016\/07\/Seite-Produkte-und-Preise-Tarif-Extern-1-300x200.jpg 300w, https:\/\/www.eva-siegsdorf.de\/wordpress\/wp-content\/uploads\/2016\/07\/Seite-Produkte-und-Preise-Tarif-Extern-1-768x512.jpg 768w, https:\/\/www.eva-siegsdorf.de\/wordpress\/wp-content\/uploads\/2016\/07\/Seite-Produkte-und-Preise-Tarif-Extern-1-1024x683.jpg 1024w, https:\/\/www.eva-siegsdorf.de\/wordpress\/wp-content\/uploads\/2016\/07\/Seite-Produkte-und-Preise-Tarif-Extern-1.jpg 1200w\" sizes=\"auto, (max-width: 400px) 100vw, 400px\" \/><\/a>Der Stromtarif EVA-Extern gilt f\u00fcr alle Privatkunden (auch f\u00fcr Landwirtschaft, Handel, Handwerk und sonstige Gewerbe) bis zu einem Jahresverbrauch von 10.000 kWh ohne Leistungsmessung im Netzgebiet der Bayernwerk Netz GmbH. Eine Belieferung mit Heizstrom ist hierbei nicht m\u00f6glich. <br \/><br \/><a href=\"http:\/\/www.eva-siegsdorf.de\/wordpress\/?page_id=249\">&gt;&gt;&gt; Tarif f\u00fcr die Versorgung au\u00dferhalb unseres Grundversorgungsgebietes\u00a0<\/a> <br \/><a href=\"http:\/\/www.eva-siegsdorf.de\/wordpress\/?page_id=251\">&gt;&gt;&gt; Zum Anmeldeformular<\/a><br \/><br \/><\/p><h5><br \/><br \/><br \/><\/h5><h4>Smart Home-L\u00f6sungen<\/h4><p><a href=\"http:\/\/www.eva-siegsdorf.de\/wordpress\/wp-content\/uploads\/2016\/07\/Produkte-und-Tarife-Smart-Home-Foto.jpg\"><img loading=\"lazy\" decoding=\"async\" class=\"wpimgload alignright wp-image-1058\" src=\"http:\/\/www.eva-siegsdorf.de\/wordpress\/wp-content\/uploads\/2016\/07\/Produkte-und-Tarife-Smart-Home-Foto-300x200.jpg\" height=\"267\" width=\"400\" srcset=\"https:\/\/www.eva-siegsdorf.de\/wordpress\/wp-content\/uploads\/2016\/07\/Produkte-und-Tarife-Smart-Home-Foto-300x200.jpg 300w, https:\/\/www.eva-siegsdorf.de\/wordpress\/wp-content\/uploads\/2016\/07\/Produkte-und-Tarife-Smart-Home-Foto-768x512.jpg 768w, https:\/\/www.eva-siegsdorf.de\/wordpress\/wp-content\/uploads\/2016\/07\/Produkte-und-Tarife-Smart-Home-Foto-1024x683.jpg 1024w, https:\/\/www.eva-siegsdorf.de\/wordpress\/wp-content\/uploads\/2016\/07\/Produkte-und-Tarife-Smart-Home-Foto.jpg 1200w\" sizes=\"auto, (max-width: 400px) 100vw, 400px\" \/><\/a>Sie m\u00f6chten zum Beispiel Ihre Heizung und die Beleuchtung Ihres Hauses per Smartphone steuern, Jalousien und Tore ferngesteuert bedienen, R\u00e4ume individuell klimatisieren, Ihr Anwesen vor Einbrechern sch\u00fctzen und bei alledem noch Energie sparen? Alles das w\u00e4re mit einer modernen, vernetzten Geb\u00e4udetechnik durchaus m\u00f6glich. Wo hierzu vor Jahren noch teure BUS-Systeme notwendig waren, gen\u00fcgt heute eine drahtlose Smart Home-L\u00f6sung, f\u00fcr die oftmals sogar die schon vorhandene Elektroinstallation ausreicht. Die Mitarbeiter der Vogling &amp; Angrenzer Dienstleistungs GmbH, dem Tochterunternehmen unserer Genossenschaft, sind auch Spezialisten auf diesem Sektor und beraten Sie gerne.<br \/><br \/><a href=\"http:\/\/www.eva-siegsdorf.de\/wordpress2\/\">&gt;&gt;&gt; Vogling &amp; Angrenzer Dienstleistungs GmbH<\/a><br \/><br \/><a href=\"http:\/\/www.eva-siegsdorf.de\/wordpress\/?page_id=11\">&lt;&lt;&lt; zur\u00fcck<\/a><\/p><h5>\r\n<\/h5>\r\n<div style=\"height: 160px !important;\"><\/div>","protected":false},"excerpt":{"rendered":"<p>F\u00fcr alle Einwohner und Entscheider in Gewerbebetrieben und Industrieunternehmen im Gro\u00dfraum Siegsdorf, die die Sicherheit einer genossenschaftlich organisierten, regionalen Stromversorgung sch\u00e4tzen, ist die Elektrizit\u00e4tsgenossenschaft Vogling &amp; Angrenzer eG genau der richtige Partner. Wir bieten Ihnen die kundenorientierte Versorgung mit Strom in einem fairen Preis-Leistungsverh\u00e4ltnis. Dank des liberalisierten Strommarktes k\u00f6nnen aber auch alle, die au\u00dferhalb unseres [&hellip;]<\/p>\n","protected":false},"author":1,"featured_media":0,"parent":11,"menu_order":0,"comment_status":"closed","ping_status":"closed","template":"","meta":{"footnotes":""},"class_list":["post-126","page","type-page","status-publish","hentry"],"_links":{"self":[{"href":"https:\/\/www.eva-siegsdorf.de\/wordpress\/index.php?rest_route=\/wp\/v2\/pages\/126","targetHints":{"allow":["GET"]}}],"collection":[{"href":"https:\/\/www.eva-siegsdorf.de\/wordpress\/index.php?rest_route=\/wp\/v2\/pages"}],"about":[{"href":"https:\/\/www.eva-siegsdorf.de\/wordpress\/index.php?rest_route=\/wp\/v2\/types\/page"}],"author":[{"embeddable":true,"href":"https:\/\/www.eva-siegsdorf.de\/wordpress\/index.php?rest_route=\/wp\/v2\/users\/1"}],"replies":[{"embeddable":true,"href":"https:\/\/www.eva-siegsdorf.de\/wordpress\/index.php?rest_route=%2Fwp%2Fv2%2Fcomments&post=126"}],"version-history":[{"count":162,"href":"https:\/\/www.eva-siegsdorf.de\/wordpress\/index.php?rest_route=\/wp\/v2\/pages\/126\/revisions"}],"predecessor-version":[{"id":3340,"href":"https:\/\/www.eva-siegsdorf.de\/wordpress\/index.php?rest_route=\/wp\/v2\/pages\/126\/revisions\/3340"}],"up":[{"embeddable":true,"href":"https:\/\/www.eva-siegsdorf.de\/wordpress\/index.php?rest_route=\/wp\/v2\/pages\/11"}],"wp:attachment":[{"href":"https:\/\/www.eva-siegsdorf.de\/wordpress\/index.php?rest_route=%2Fwp%2Fv2%2Fmedia&parent=126"}],"curies":[{"name":"wp","href":"https:\/\/api.w.org\/{rel}","templated":true}]}}