{"id":11,"date":"2016-07-11T15:01:36","date_gmt":"2016-07-11T13:01:36","guid":{"rendered":"http:\/\/www.eva-siegsdorf.de\/wordpress\/strom\/"},"modified":"2018-12-03T15:47:25","modified_gmt":"2018-12-03T14:47:25","slug":"strom","status":"publish","type":"page","link":"https:\/\/www.eva-siegsdorf.de\/wordpress\/?page_id=11","title":{"rendered":"STROM"},"content":{"rendered":"Sie w\u00fcnschen sich eine sichere, wirtschaftlich vorteilhafte und umweltschonende Versorgung mit elektrischer Energie? Immerhin h\u00e4ngen hiervon unsere pers\u00f6nliche Lebensqualit\u00e4t und zuverl\u00e4ssig funktionierende Wirtschaftsprozesse ab. Aber auch Nachhaltigkeit und die Schonung unserer Umwelt sind Ihnen wichtig? F\u00fcr alle diese Punkte steht Ihnen die Elektrizit\u00e4tsgenossenschaft Vogling &amp; Angrenzer eG als kompetenter, regionaler Versorgungspartner zur Verf\u00fcgung. Unser Serviceteam ber\u00e4t Sie gerne.<br \/><br \/><br \/><img loading=\"lazy\" decoding=\"async\" class=\"wpimgload alignleft wp-image-2188 size-full\" style=\"margin-right: 40px;\" src=\"http:\/\/www.eva-siegsdorf.de\/wordpress\/wp-content\/uploads\/2016\/07\/Seite-Strom-Chiemsee-Schiene-neu.jpg\" height=\"300\" width=\"450\" srcset=\"https:\/\/www.eva-siegsdorf.de\/wordpress\/wp-content\/uploads\/2016\/07\/Seite-Strom-Chiemsee-Schiene-neu.jpg 450w, https:\/\/www.eva-siegsdorf.de\/wordpress\/wp-content\/uploads\/2016\/07\/Seite-Strom-Chiemsee-Schiene-neu-300x200.jpg 300w\" sizes=\"auto, (max-width: 450px) 100vw, 450px\" \/><h4>Sichere Versorgung mit Strom<\/h4>Seit fast 100 Jahren gilt die Elektrizit\u00e4tsgenossenschaft Vogling &amp; Angrenzer eG als sicherer, regionaler Stromversorger f\u00fcr den Gro\u00dfraum Siegsdorf. Zu unseren Leistungen z\u00e4hlt neben dem Stromvertrieb auch das Management f\u00fcr das regionale Stromnetz. Mit beidem liefern wir einen wichtigen Beitrag zur Lebensqualit\u00e4t und Wirtschaftskraft der Region Siegsdorf. Unser Fokus liegt dabei vor allem auf dem langfristigen Nutzen f\u00fcr unsere Kunden anstelle einer kurzfristigen Steigerung der Unternehmensrendite. Dabei sind wir uns stets der Verantwortung bewusst, die Klima- und Umweltschutz von uns allen fordern. <br \/><br \/><br \/><br \/><table style=\"background-color: #e3e3e3; border: none; width: 100%;\" cellpadding=\"0\"><tbody><tr><td style=\"width: 40%;\"><a href=\"http:\/\/www.eva-siegsdorf.de\/wordpress\/?page_id=126\"><img loading=\"lazy\" decoding=\"async\" class=\"alignnone wp-image-627\" alt=\"Button-STROM-Produkte\" src=\"http:\/\/www.eva-siegsdorf.de\/wordpress\/wp-content\/uploads\/2016\/07\/Button-STROM-Produkte.jpg\" height=\"51\" width=\"500\" srcset=\"https:\/\/www.eva-siegsdorf.de\/wordpress\/wp-content\/uploads\/2016\/07\/Button-STROM-Produkte.jpg 680w, https:\/\/www.eva-siegsdorf.de\/wordpress\/wp-content\/uploads\/2016\/07\/Button-STROM-Produkte-300x31.jpg 300w\" sizes=\"auto, (max-width: 500px) 100vw, 500px\" \/><\/a><br \/><br \/><a href=\"http:\/\/www.eva-siegsdorf.de\/wordpress\/?page_id=251\"><img loading=\"lazy\" decoding=\"async\" class=\"alignnone wp-image-631\" alt=\"Button-STROM-Anmeldung\" src=\"http:\/\/www.eva-siegsdorf.de\/wordpress\/wp-content\/uploads\/2016\/07\/Button-STROM-Anmeldung.jpg\" height=\"51\" width=\"500\" srcset=\"https:\/\/www.eva-siegsdorf.de\/wordpress\/wp-content\/uploads\/2016\/07\/Button-STROM-Anmeldung.jpg 680w, https:\/\/www.eva-siegsdorf.de\/wordpress\/wp-content\/uploads\/2016\/07\/Button-STROM-Anmeldung-300x31.jpg 300w\" sizes=\"auto, (max-width: 500px) 100vw, 500px\" \/><\/a><br \/><br \/><a href=\"https:\/\/www.eva-siegsdorf.de\/wordpress\/?page_id=111\"><img loading=\"lazy\" decoding=\"async\" class=\"alignnone wp-image-634\" alt=\"Button-STROM-Zaehlerstand\" src=\"http:\/\/www.eva-siegsdorf.de\/wordpress\/wp-content\/uploads\/2016\/07\/Button-STROM-Zaehlerstand.jpg\" height=\"51\" width=\"500\" srcset=\"https:\/\/www.eva-siegsdorf.de\/wordpress\/wp-content\/uploads\/2016\/07\/Button-STROM-Zaehlerstand.jpg 680w, https:\/\/www.eva-siegsdorf.de\/wordpress\/wp-content\/uploads\/2016\/07\/Button-STROM-Zaehlerstand-300x31.jpg 300w\" sizes=\"auto, (max-width: 500px) 100vw, 500px\" \/><\/a><br \/><br \/><a href=\"http:\/\/www.eva-siegsdorf.de\/wordpress\/?page_id=131\"><img loading=\"lazy\" decoding=\"async\" class=\"alignnone wp-image-636\" alt=\"Button-STROM-Veroeffentlichungen\" src=\"http:\/\/www.eva-siegsdorf.de\/wordpress\/wp-content\/uploads\/2016\/07\/Button-STROM-Veroeffentlichungen.jpg\" height=\"51\" width=\"500\" srcset=\"https:\/\/www.eva-siegsdorf.de\/wordpress\/wp-content\/uploads\/2016\/07\/Button-STROM-Veroeffentlichungen.jpg 680w, https:\/\/www.eva-siegsdorf.de\/wordpress\/wp-content\/uploads\/2016\/07\/Button-STROM-Veroeffentlichungen-300x31.jpg 300w\" sizes=\"auto, (max-width: 500px) 100vw, 500px\" \/><\/a><\/td><td style=\"width: 60%; padding: 0 20px;\"><br \/><br \/><a href=\"http:\/\/www.eva-siegsdorf.de\/wordpress\/?page_id=99\"><img loading=\"lazy\" decoding=\"async\" class=\"alignnone wp-image-644\" alt=\"Foto-Stoerungsmeldung\" src=\"http:\/\/www.eva-siegsdorf.de\/wordpress\/wp-content\/uploads\/2016\/07\/Foto-Stoerungsmeldung.jpg\" height=\"279\" width=\"450\" srcset=\"https:\/\/www.eva-siegsdorf.de\/wordpress\/wp-content\/uploads\/2016\/07\/Foto-Stoerungsmeldung.jpg 552w, https:\/\/www.eva-siegsdorf.de\/wordpress\/wp-content\/uploads\/2016\/07\/Foto-Stoerungsmeldung-300x186.jpg 300w\" sizes=\"auto, (max-width: 450px) 100vw, 450px\" \/><\/a><br \/><br \/><br \/><\/td><\/tr><\/tbody><\/table><p>\r\n\u00a0\r\n\u00a0\r\n\u00a0\r\n<\/p><h4>Planen und Bauen<\/h4><p><img loading=\"lazy\" decoding=\"async\" class=\"wpimgload alignright wp-image-2177 size-full\" src=\"http:\/\/www.eva-siegsdorf.de\/wordpress\/wp-content\/uploads\/2016\/07\/Foto-Rohbau-fotolia-420-x-280.jpg\" height=\"280\" width=\"420\" srcset=\"https:\/\/www.eva-siegsdorf.de\/wordpress\/wp-content\/uploads\/2016\/07\/Foto-Rohbau-fotolia-420-x-280.jpg 420w, https:\/\/www.eva-siegsdorf.de\/wordpress\/wp-content\/uploads\/2016\/07\/Foto-Rohbau-fotolia-420-x-280-300x200.jpg 300w\" sizes=\"auto, (max-width: 420px) 100vw, 420px\" \/>Schon die Planung einer Immobilie stellt immer eine Herausforderung dar. Und wenn es dann endlich soweit ist, muss Tag f\u00fcr Tag gen\u00fcgend elektrische Energie zur Verf\u00fcgung stehen, damit die auf dem Bau eingesetzten Maschinen ihre Leistung entwickeln k\u00f6nnen.<br \/><br \/>Unser Serviceteam unterst\u00fctzt Sie gerne schon bei der Planung mit allen notwendigen Informationen rund um das Thema \u201eStrom am Bau\u201c. Nutzen Sie die langj\u00e4hrige Erfahrung unserer Mitarbeiter auf diesem Sektor. Wir liefern Ihnen den genau passenden Baustromanschluss f\u00fcr das von Ihnen geplante Projekt und auf Wunsch auch gerne den entsprechenden Baustromverteiler.<br \/><br \/><a href=\"http:\/\/www.eva-siegsdorf.de\/wordpress\/?page_id=124\">&gt;&gt;&gt; Netzanschluss<\/a><br \/><br \/><br \/><br \/><\/p><h4>Smart Home-L\u00f6sungen<\/h4><p><img loading=\"lazy\" decoding=\"async\" class=\"wpimgload alignright wp-image-2190 size-full\" src=\"http:\/\/www.eva-siegsdorf.de\/wordpress\/wp-content\/uploads\/2016\/07\/Seite-STROM-SmartHome-neu.jpg\" height=\"280\" width=\"420\" srcset=\"https:\/\/www.eva-siegsdorf.de\/wordpress\/wp-content\/uploads\/2016\/07\/Seite-STROM-SmartHome-neu.jpg 420w, https:\/\/www.eva-siegsdorf.de\/wordpress\/wp-content\/uploads\/2016\/07\/Seite-STROM-SmartHome-neu-300x200.jpg 300w\" sizes=\"auto, (max-width: 420px) 100vw, 420px\" \/>Sie m\u00f6chten zum Beispiel Ihre Heizung und die Beleuchtung Ihres Hauses per Smartphone steuern, Jalousien und Tore ferngesteuert bedienen, R\u00e4ume individuell klimatisieren, Ihr Anwesen vor Einbrechern sch\u00fctzen und<br \/>bei alledem noch Energie sparen? Alles das w\u00e4re mit einer modernen, vernetzten Geb\u00e4udetechnik durchaus m\u00f6glich. Wo hierzu vor Jahren noch teure BUS-Systeme notwendig waren, gen\u00fcgt heute eine drahtlose Smart Home-L\u00f6sung, f\u00fcr die oftmals sogar die schon vorhandene Elektroinstallation ausreicht. Die Mitarbeiter der Vogling &amp; Angrenzer Dienstleistungs GmbH, dem Tochterunternehmen unserer Genossenschaft, sind auch Spezialisten auf diesem Sektor und beraten Sie gerne.<br \/><br \/><a href=\"http:\/\/www.eva-siegsdorf.de\/wordpress2\/\">&gt;&gt;&gt; Vogling &amp; Angrenzer Dienstleistungs GmbH<\/a><\/p><p><br \/><br \/><br \/><br \/><br \/>\r\n\r\n<\/p>\r\n<div style=\"height: 50px !important;\"><\/div>","protected":false},"excerpt":{"rendered":"<p>Sie w\u00fcnschen sich eine sichere, wirtschaftlich vorteilhafte und umweltschonende Versorgung mit elektrischer Energie? Immerhin h\u00e4ngen hiervon unsere pers\u00f6nliche Lebensqualit\u00e4t und zuverl\u00e4ssig funktionierende Wirtschaftsprozesse ab. Aber auch Nachhaltigkeit und die Schonung unserer Umwelt sind Ihnen wichtig? F\u00fcr alle diese Punkte steht Ihnen die Elektrizit\u00e4tsgenossenschaft Vogling &amp; Angrenzer eG als kompetenter, regionaler Versorgungspartner zur Verf\u00fcgung. Unser Serviceteam [&hellip;]<\/p>\n","protected":false},"author":1,"featured_media":0,"parent":0,"menu_order":4,"comment_status":"closed","ping_status":"closed","template":"","meta":{"footnotes":""},"class_list":["post-11","page","type-page","status-publish","hentry"],"_links":{"self":[{"href":"https:\/\/www.eva-siegsdorf.de\/wordpress\/index.php?rest_route=\/wp\/v2\/pages\/11","targetHints":{"allow":["GET"]}}],"collection":[{"href":"https:\/\/www.eva-siegsdorf.de\/wordpress\/index.php?rest_route=\/wp\/v2\/pages"}],"about":[{"href":"https:\/\/www.eva-siegsdorf.de\/wordpress\/index.php?rest_route=\/wp\/v2\/types\/page"}],"author":[{"embeddable":true,"href":"https:\/\/www.eva-siegsdorf.de\/wordpress\/index.php?rest_route=\/wp\/v2\/users\/1"}],"replies":[{"embeddable":true,"href":"https:\/\/www.eva-siegsdorf.de\/wordpress\/index.php?rest_route=%2Fwp%2Fv2%2Fcomments&post=11"}],"version-history":[{"count":111,"href":"https:\/\/www.eva-siegsdorf.de\/wordpress\/index.php?rest_route=\/wp\/v2\/pages\/11\/revisions"}],"predecessor-version":[{"id":2734,"href":"https:\/\/www.eva-siegsdorf.de\/wordpress\/index.php?rest_route=\/wp\/v2\/pages\/11\/revisions\/2734"}],"wp:attachment":[{"href":"https:\/\/www.eva-siegsdorf.de\/wordpress\/index.php?rest_route=%2Fwp%2Fv2%2Fmedia&parent=11"}],"curies":[{"name":"wp","href":"https:\/\/api.w.org\/{rel}","templated":true}]}}