{"id":10,"date":"2016-07-11T15:01:36","date_gmt":"2016-07-11T13:01:36","guid":{"rendered":"http:\/\/www.eva-siegsdorf.de\/wordpress\/aktuelles\/"},"modified":"2026-04-03T12:04:09","modified_gmt":"2026-04-03T10:04:09","slug":"aktuelles","status":"publish","type":"page","link":"https:\/\/www.eva-siegsdorf.de\/wordpress\/?page_id=10","title":{"rendered":"AKTUELLES"},"content":{"rendered":"Auf dieser Seite finden Sie einerseits immer wieder aktuelle Informationen zu wichtigen Strom- und Netzthemen, andererseits berichten wir auf dieser Homepageseite aber auch regelm\u00e4\u00dfig \u00fcber interessante Neuigkeiten aus unserem Unternehmen. Es lohnt sich also f\u00fcr Sie, immer mal wieder auf <br \/>\u201eAKTUELLES\u201c zu klicken, um zu sehen, was es wieder Neues bei EVA gibt.<br \/><br \/><br \/><h5><strong>Information zum Stromausfall am 03.04.2026<\/strong><\/h5><p>Am Freitag, den 03.04.2026, kam es in den fr\u00fchen Morgenstunden zu einem Stromausfall in Teilen unseres Versorgungsgebiets.<\/p><p>Ursache war eine nachgelagerte St\u00f6rung im Verteilnetz, welche im Zusammenhang mit einer \u00fcbergeordneten Netzbeeintr\u00e4chtigung der Hochspannungsst\u00f6rung vom 01.04.2026 stand.<\/p><p>Betroffen waren mehrere angeschlossene Ortsteile, in denen es zeitweise zu Unterbrechungen der Stromversorgung kam. Unsere St\u00f6rungs-\/Netztechniker reagierten umgehend und konnten durch gezielte Ma\u00dfnahmen die Versorgung schrittweise auf eine vor\u00fcbergehende Notstromversorgung einrichten.<\/p><p>Gem\u00e4\u00df unserem hausinternen St\u00f6rungsmanagement wurden zudem die betriebsinterne Netzleitstelle sowie die St\u00f6rungshotline aktiviert und durchgehend besetzt.<\/p><p>Die St\u00f6rung konnte im Laufe des Vormittags vollst\u00e4ndig behoben und der regul\u00e4re Netzbetrieb wieder aufgenommen werden.<\/p><h5><strong><br \/><br \/><br \/>Information zum Stromausfall am 01.04.2026<\/strong><\/h5><p>Am heutigen Mittwoch, den 01.04.2026, kam es im Zeitraum von 14:35 Uhr bis 15:21 Uhr zu einem Stromausfall in unserem Versorgungsgebiet.<\/p><p>Ursache hierf\u00fcr war eine St\u00f6rung im vorgelagerten Stromnetz auf der 110-kV-Ebene. Dieses Netz wird von der Bayernwerk Netz GmbH betrieben, von der wir als regionaler und zust\u00e4ndiger Verteilnetzbetreiber mit elektrischer Energie versorgt werden.<\/p><p>Laut der Bayernwerk Netz GmbH waren die Umspannwerke Siegsdorf, Grassau, Grabenst\u00e4tt und Prien von der St\u00f6rung betroffen. Infolge der St\u00f6rung kam es zu Unterbrechungen in der Stromversorgung in den angeschlossenen, nachgelagerten Verteilnetzen.<\/p><p>Das Umspannwerk Siegsdorf ist seit 15:21 Uhr wieder vollst\u00e4ndig mit Strom versorgt. Ob es im weiteren Verlauf nochmals zu Einschr\u00e4nkungen oder erneuten Ausf\u00e4llen kommt, kann derzeit noch nicht abschlie\u00dfend beurteilt werden.<\/p><p>F\u00fcr weiterf\u00fchrende Informationen zur Ursache und zum Verlauf der St\u00f6rung im 110-kV-Netz verweisen wir auf die Internetseite der Bayernwerk Netz GmbH. (<a href=\"https:\/\/www.bayernwerk-netz.de\/de\/bayernwerk-netz-gmbh\/presse-kontakt\/stoerungsauskunft.html\">\u00dcbersicht Stromausfall Bayernwerk Netz GmbH)<\/a><\/p><br \/><br \/><h5><strong>EVA-Siegsdorf senkt Stromkosten zum 01.01.2026<\/strong><\/h5><p>Wir freuen uns, unseren Kundinnen und Kunden mitteilen zu k\u00f6nnen, dass wir zum <strong>01. Januar 2026<\/strong> in mehreren unserer EVA-Stromtarife eine sp\u00fcrbare <strong>Senkung der Stromkosten<\/strong> vornehmen. Trotz einem Anstieg des Aufschlages nach dem KWK-G, des Aufschlages f\u00fcr besondere Netznutzung (\u00a7 19 Abs. 2 StromNEV) und der Offshore-Netzumlage, k\u00f6nnen wir Dank g\u00fcnstigerer Rahmenbedingungen \u2013 insbesondere niedrigerer Netzentgelte \u2013 die positiven Entwicklungen an unsere Kunden weitergeben.<\/p><p><strong>Was bedeutet das f\u00fcr Haushaltskunden?<\/strong><br \/>Trotz eines moderat steigenden j\u00e4hrlichen Leistungspreises f\u00fchrt die deutliche Reduzierung des Verbrauchspreises insgesamt zu einer <strong>Ersparnis von rund 162 Euro\/Jahr (brutto)<\/strong> f\u00fcr einen Haushalt (Eintarifmessung) mit einem Jahresverbrauch von <strong>3.500 kWh<\/strong> im EVA-Netzgebiet. Dies entspricht einer <strong>Preisreduzierung von rund 11,7 %<\/strong> im Vergleich zum Vorjahr \u2013 abh\u00e4ngig vom jeweiligen Tarif.<\/p><p><strong>Rechtliche Hinweise<\/strong><br \/>Die Preis\u00e4nderungen erfolgen gem\u00e4\u00df unseren Allgemeinen Stromlieferbedingungen und werden vier Wochen vor dem Zeitpunkt des Wirksamwerdens an unsere Kundinnen und Kunden per Post versendet. Kundinnen und Kunden haben nach \u00a7 41 Abs. 5 Satz 4 EnWG das Recht, ihren Stromliefervertrag zum Zeitpunkt des Wirksamwerdens der \u00c4nderung fristlos zu k\u00fcndigen.<\/p><p><strong>Transparente Informationen<\/strong><br \/>Alle aktuellen Tarifbl\u00e4tter zum 01.01.2026 sowie die Aufschl\u00fcsselung der Preisbestandteile finden Sie im Bereich \u201eProdukte und Strompreise\u201c <br \/>(<a href=\"https:\/\/www.eva-siegsdorf.de\/wordpress\/?page_id=126\"><span style=\"color: #0000ff;\">klicken Sie hier<\/span><\/a>) oder erhalten diese in unserem Kundenzentrum.<br \/>F\u00fcr Fragen stehen wir Ihnen gerne telefonisch unter <strong>08662 \/ 490 22 0<\/strong> oder per E-Mail an <strong>vertrieb@eva-siegsdorf.de<\/strong> zur Verf\u00fcgung.<\/p><p><strong>Hinweise zur Netzentgeltreduzierung<\/strong><\/p><p>Im Wesentlichen ist die Reduzierung der Netznutzungsentgelte des zust\u00e4ndigen Verteilnetzbetreibers auf den geplanten Bundeszuschuss in H\u00f6he von 6,5 Milliarden Euro f\u00fcr die \u00dcbertragungsnetzentgelte ab 2026 zur\u00fcckzuf\u00fchren. Sollte der Bundeszuschuss allerdings nicht umgesetzt werden, kann es im weiteren Jahresverlauf 2026 zu einer unterj\u00e4hrigen Anpassung der Netzentgelte und somit der Strompreise kommen.<\/p><br \/><h5 data-start=\"86\" data-end=\"158\"><strong data-start=\"86\" data-end=\"158\">Wichtige Kundeninformation: <br \/>Achtung vor betr\u00fcgerischen Werbeanrufen!<\/strong><\/h5><p data-start=\"160\" data-end=\"512\" class=\"\">In den letzten Tagen erreichen uns vermehrt Anrufe von verunsicherten Kundinnen und Kunden, die von angeblichen \u201eMitarbeitern\u201c unseres Unternehmens telefonisch kontaktiert wurden. Dabei wird unter dem Vorwand g\u00fcnstigerer Strompreise oder neuer Stromvertr\u00e4ge versucht, pers\u00f6nliche Daten wie Vertragsnummern, Kundennummern oder Z\u00e4hlernummern zu erfragen.<\/p><p data-start=\"514\" data-end=\"680\" class=\"\"><strong data-start=\"514\" data-end=\"562\">Wichtig: Diese Anrufe stammen nicht von uns!<\/strong><br data-start=\"562\" data-end=\"565\" \/>Wir f\u00fchren <strong data-start=\"576\" data-end=\"613\">keine telefonischen Werbeaktionen<\/strong> durch und geben auch keine sensiblen Kundendaten am Telefon preis.<\/p><p data-start=\"682\" data-end=\"953\" class=\"\">Bitte geben Sie <strong data-start=\"698\" data-end=\"739\">keinesfalls pers\u00f6nliche Informationen<\/strong> wie Vertragsdaten, Kundennummern oder die <strong data-start=\"782\" data-end=\"817\">Z\u00e4hlernummer Ihres Stromz\u00e4hlers<\/strong> an Unbekannte weiter. Im Zweifel kontaktieren Sie uns direkt, um sich zu vergewissern. Sie erreichen uns unter:<br data-start=\"929\" data-end=\"932\" \/><strong data-start=\"932\" data-end=\"953\">Tel. 08662-490220<\/strong><\/p><p data-start=\"955\" data-end=\"983\" class=\"\">Ihr EVA-Team<\/p><p>&nbsp;<\/p><h5>Einf\u00fchrung des neuen Netzanschlussportals <br \/>&#8211; Informationen f\u00fcr Installationsunternehmen<\/h5><p>Im Rahmen des \u00a7\u00a7 6, 9 NAV und 8 EEG sind wir verpflichtet ein digitales Netzanschlussportal bereitzustellen, \u00fcber das Endkunden ein Anschlussbegehren stellen k\u00f6nnen. Damit auch Sie dieses Portal effektiv nutzen k\u00f6nnen, haben wir einen eigenen Zugang f\u00fcr Installationsunternehmen bereitgestellt.<\/p><p>Bei der Initiierung eines Netzanschlussbegehrens k\u00f6nnen Endkunden Stammdaten f\u00fcr dieses hinterlegen und Ihr Installationsunternehmen nennen. Sie erhalten anschlie\u00dfend automatisiert eine E-Mail, welche einen Link zur Bereitstellung der technischen Daten enth\u00e4lt. Daneben haben Sie auch weiterhin die M\u00f6glichkeit, Netzanschlussbegehren f\u00fcr Ihre Kunden zu initiieren und die gesamte Datenlieferung (Stammdaten und technische Daten) in einem Schritt zu \u00fcbernehmen.<\/p><p><strong>Das Netzanschlussportal f\u00fcr Installationsunternehmen finden Sie hier:<\/strong><br \/><br \/><span style=\"color: #ff0000;\"><strong><a href=\"https:\/\/www.eva-siegsdorf.de\/wordpress\/?page_id=124\" style=\"color: #ff0000;\">hier geht\u00b4s zum digitalen Netzanschlussportal<\/a><\/strong><\/span><br \/><br \/><\/p><p><strong>Authentifizierung:<\/strong><\/p><p>Um Anfragen durch fremde Unternehmen \/ Dienstleister zu vermeiden und die Qualit\u00e4t der Daten zu gew\u00e4hrleisten, f\u00fchren wir ein Authentifizierungssystem ein, bei dem jeder unserer registrierten Installationspartner eine einzigartige Installateurs-Kennung erh\u00e4lt. Diese Kennung erm\u00f6glicht es Ihnen, sich im Portal anzumelden und Netzanschlussanfragen zu stellen oder Daten f\u00fcr Anfragen der Endkunden bereitzustellen.<\/p><p><strong>Hinweis:<\/strong><span>\u00a0F\u00fcr die Einreichung eines Anschlussbegehrens m\u00fcssen Sie als registrierter Installateur in unserem Netzgebiet t\u00e4tig sein und einen g\u00fcltigen Authentifizierungsschl\u00fcssel besitzen. Falls Sie noch keinen solchen Schl\u00fcssel haben, setzen Sie sich bitte unter\u00a0<\/span><strong><em>netzantrag@eva-siegsdorf.de<\/em><\/strong><span>\u00a0mit uns in Verbindung.<br \/><br \/><\/span>Bei Fragen oder Unterst\u00fctzungsbedarf stehen wir Ihnen gerne zur Verf\u00fcgung.\u00a0<br \/><br \/>Ihr EVA-Team<br \/><br \/><br \/><\/p><h5><br \/><br \/><br \/>\r\n<strong><\/strong><\/h5>","protected":false},"excerpt":{"rendered":"<p>Auf dieser Seite finden Sie einerseits immer wieder aktuelle Informationen zu wichtigen Strom- und Netzthemen, andererseits berichten wir auf dieser Homepageseite aber auch regelm\u00e4\u00dfig \u00fcber interessante Neuigkeiten aus unserem Unternehmen. Es lohnt sich also f\u00fcr Sie, immer mal wieder auf \u201eAKTUELLES\u201c zu klicken, um zu sehen, was es wieder Neues bei EVA gibt.Information zum Stromausfall [&hellip;]<\/p>\n","protected":false},"author":1,"featured_media":0,"parent":0,"menu_order":3,"comment_status":"closed","ping_status":"closed","template":"","meta":{"footnotes":""},"class_list":["post-10","page","type-page","status-publish","hentry"],"_links":{"self":[{"href":"https:\/\/www.eva-siegsdorf.de\/wordpress\/index.php?rest_route=\/wp\/v2\/pages\/10","targetHints":{"allow":["GET"]}}],"collection":[{"href":"https:\/\/www.eva-siegsdorf.de\/wordpress\/index.php?rest_route=\/wp\/v2\/pages"}],"about":[{"href":"https:\/\/www.eva-siegsdorf.de\/wordpress\/index.php?rest_route=\/wp\/v2\/types\/page"}],"author":[{"embeddable":true,"href":"https:\/\/www.eva-siegsdorf.de\/wordpress\/index.php?rest_route=\/wp\/v2\/users\/1"}],"replies":[{"embeddable":true,"href":"https:\/\/www.eva-siegsdorf.de\/wordpress\/index.php?rest_route=%2Fwp%2Fv2%2Fcomments&post=10"}],"version-history":[{"count":165,"href":"https:\/\/www.eva-siegsdorf.de\/wordpress\/index.php?rest_route=\/wp\/v2\/pages\/10\/revisions"}],"predecessor-version":[{"id":3466,"href":"https:\/\/www.eva-siegsdorf.de\/wordpress\/index.php?rest_route=\/wp\/v2\/pages\/10\/revisions\/3466"}],"wp:attachment":[{"href":"https:\/\/www.eva-siegsdorf.de\/wordpress\/index.php?rest_route=%2Fwp%2Fv2%2Fmedia&parent=10"}],"curies":[{"name":"wp","href":"https:\/\/api.w.org\/{rel}","templated":true}]}}